0
In base 15, what is -10e - 46a?
-579
In base 9, what is 158565 - 1?
158564
In base 6, what is 4 + -155224?
-155220
In base 4, what is 100 + -21310?
-21210
In base 8, what is -3 - 337424?
-337427
In base 14, what is -8c63 - -14?
-8c4d
In base 2, what is 100001110000 - -1000011?
100010110011
In base 9, what is 1 + -1236305?
-1236304
In base 4, what is -10322123120 + -1?
-10322123121
In base 5, what is 124330 - -110?
124440
In base 3, what is 11110 - -20212010?
21000120
In base 9, what is 32 + 2607?
2640
In base 5, what is -1021 + -4131?
-10202
In base 8, what is 163647 - 0?
163647
In base 12, what is -3233 - -8?
-3227
In base 15, what is -2 - 364cb?
-364cd
In base 10, what is 5452 - -18?
5470
In base 13, what is -2138a - 5?
-21392
In base 3, what is 12 - -212100022?
212100111
In base 15, what is 33348c + -5?
333487
In base 5, what is -3004330 + -3?
-3004333
In base 15, what is cc - -17c6?
18a3
In base 12, what is 4 - -9825?
9829
In base 6, what is -2315 - 5442?
-12201
In base 8, what is -653027 - 11?
-653040
In base 13, what is 2c65 - -8?
2c70
In base 3, what is -1122002 - -211202?
-210100
In base 15, what is -4c1 + 2?
-4be
In base 9, what is 6451 - 526?
5824
In base 15, what is c8a - -a?
c95
In base 14, what is 15c4 + d1?
16b5
In base 12, what is -2a9920 + 3?
-2a9919
In base 3, what is -1102 - 1002112?
-1010221
In base 13, what is a + -8c20b?
-8c201
In base 3, what is -1000020 - -10201121?
2201101
In base 11, what is 212 + -8825?
-8613
In base 14, what is b9 - -2689?
2764
In base 9, what is -356226 - -11?
-356215
In base 5, what is 440 + 3443?
4433
In base 11, what is 12813 + -11?
12802
In base 6, what is 3404 - 21005?
-13201
In base 2, what is -101011 - -1001111?
100100
In base 16, what is 1af + -6b?
144
In base 14, what is 96 + -3da?
-344
In base 6, what is -435542 + -33?
-440015
In base 6, what is -2411 + -123?
-2534
In base 15, what is 3d4 + 5?
3d9
In base 8, what is -2 + 22715?
22713
In base 15, what is -cb - -5a6?
4ca
In base 4, what is 1 + 123232322?
123232323
In base 6, what is -115145405 + 0?
-115145405
In base 5, what is -1203 - 303134?
-304342
In base 15, what is 23a - -78?
2b3
In base 9, what is -72436 + 1?
-72435
In base 7, what is -343 + -40?
-413
In base 16, what is -3e13 - -3?
-3e10
In base 14, what is dcc8 - -2?
dcca
In base 5, what is 40403410 - 10?
40403400
In base 6, what is -224420 + 12?
-224404
In base 6, what is 145443 - 11?
145432
In base 3, what is 1110120 + 1211002?
10021122
In base 2, what is 10001000010110 - -101?
10001000011011
In base 8, what is 10 - -167?
177
In base 14, what is -3 - 5723?
-5726
In base 13, what is 4c + -3582?
-3533
In base 4, what is -112320112 + -10?
-112320122
In base 3, what is 12 + 1022122210?
1022122222
In base 12, what is -10b - -14?
-b7
In base 14, what is 3d84a + -6?
3d844
In base 9, what is 3835 - 55?
3770
In base 9, what is 2 - 65033?
-65031
In base 14, what is 4 + 33702?
33706
In base 11, what is -213 - 141?
-354
In base 16, what is e + 1ef83?
1ef91
In base 7, what is 633 + -2246?
-1313
In base 7, what is -2 + -104554?
-104556
In base 4, what is -1201 + -12031?
-13232
In base 8, what is 127 + -4265?
-4136
In base 4, what is 101 - 20223113?
-20223012
In base 4, what is -33011 + -1020?
-100031
In base 8, what is -337 - 5662?
-6221
In base 8, what is -70 - -1140?
1050
In base 13, what is 3509 - 1?
3508
In base 13, what is 10907 - -8?
10912
In base 12, what is -2 + 3a5583?
3a5581
In base 5, what is 410 + 4202?
10112
In base 15, what is 5 - 174?
-16e
In base 11, what is -91a4 + 43?
-9161
In base 15, what is 14 + 265a6?
265ba
In base 14, what is 28c66 + 4?
28c6a
In base 2, what is 1001 - -1010101000?
1010110001
In base 11, what is 1301 + -849?
563
In base 3, what is -12121112 - 1000100?
-20121212
In base 5, what is 20021 + -124?
14342
In base 6, what is -4141333 + 0?
-4141333
In base 4, what is 20 + 1333131?
1333211
In base 3, what is -11202021011 - -2?
-11202021002
In base 13, what is 6755 + 1?
6756
In base 2, what is -1001011010110 + 1100010?
-1001001110100
In base 2, what is -11010111100000 - 111?
-11010111100111
In base 15, what is b20e + 76?
b285
In base 5, what is 320442 + -3?
320434
In base 3, what is 111202200 - -1200?
111211100
In base 14, what is -2593b + 1?
-2593a
In base 14, what is 3 - 33aa?
-33a7
In base 11, what is -3 + -255a3?
-255a6
In base 2, what is -101110010000011 - 101?
-101110010001000
In base 11, what is 1a97541 - -3?
1a97544
In base 9, what is 168 - 13?
155
In base 10, what is 2 + 22760?
22762
In base 11, what is -296 + -5556?
-5841
In base 9, what is -308 - 4422?
-4731
In base 11, what is -104 - 4485?
-4589
In base 7, what is -2 - -1411346?
1411344
In base 16, what is 5 + -14d651?
-14d64c
In base 6, what is 11425440 - 13?
11425423
In base 14, what is 2 + -3735?
-3733
In base 5, what is -212 + 10401?
10134
In base 7, what is 320 + -3046?
-2426
In base 10, what is -14 - -100040?
100026
In base 3, what is 1122002001122 - 12?
1122002001110
In base 8, what is 243355 + -5?
243350
In base 2, what is -11 + -10000011001101?
-10000011010000
In base 4, what is -1201 - -131300?
130033
In base 7, what is -4231254 + -5?
-4231262
In base 12, what is 1 - -13a07?
13a08
In base 5, what is -402203 + -404?
-403112
In base 9, what is -556 - -10?
-546
In base 3, what is -12 + -1012122112?
-1012122201
In base 2, what is 1100111 - -101000011?
110101010
In base 4, what is -10 - -210020013?
210020003
In base 10, what is -11658694 - -2?
-11658692
In base 7, what is -226 + 10?
-216
In base 5, what is 12 - -2130244?
2130311
In base 3, what is 1011 + 1000112110?
1000120121
In base 14, what is -14a + -240?
-38a
In base 13, what is -160b + -24b?
-1859
In base 7, what is 3 - -3646251?
3646254
In base 13, what is -12 + -508?
-51a
In base 6, what is 34001051 - 5?
34001042
In base 14, what is -953 + -4?
-957
In base 4, what is 0 + -3021312001?
-3021312001
In base 7, what is 4212 - -3?
4215
In base 4, what is -22300333 - -2?
-22300331
In base 16, what is 3 + -b8c2?
-b8bf
In base 16, what is -4eb027 + 0?
-4eb027
In base 15, what is -6cc3e - -4?
-6cc3a
In base 3, what is -2011 + 1220110?
1211022
In base 14, what is 4 + 24a0?
24a4
In base 12, what is -6415 - -34?
-63a1
In base 4, what is -21 - 13332320?
-13333001
In base 12, what is 79 - 8175?
-80b8
In base 5, what is 10401 - 104?
10242
In base 6, what is 32154 - -110?
32304
In base 14, what is -1 - 2c3cd3?
-2c3cd4
In base 12, what is 5 + -2b6160?
-2b6157
In base 2, what is -101100010100001010011010 - -10?
-101100010100001010011000
In base 14, what is -5b9 - 7?
-5c2
In base 2, what is 10011010010010 + 1001?
10011010011011
In base 12, what is -4 - -b21b4?
b21b0
In base 5, what is 20413 - 1201?
14212
In base 16, what is de14 - 1?
de13
In base 16, what is 8 - -68?
70
In base 6, what is -3 + 540504?
540501
In base 9, what is -4632 - -472?
-4150
In base 16, what is -3b5 - -f?
-3a6
In base 4, what is -30011320 - 120?
-30012100
In base 6, what is 15210 - -40?
15250
In base 15, what is 65d0 + -3?
65cc
In base 4, what is 2002231020 + 11?
2002231031
In base 5, what is 1040 - -232203?
233243
In base 16, what is efa4 + 1?
efa5
In base 5, what is -134023 + -10?
-134033
In base 4, what is -1300 - 22330?
-30230
In base 14, what is -35d + -36?
-395
In base 3, what is -1110 + -1110200?
-1112010
In base 7, what is -64421 - -5?
-64413
In base 14, what is -a5 - -2c6?
221
In base 7, what is -12 + 315430?
315415
In base 14, what is -12 + -4053?
-4065
In base 14, what is -5ca1 + 5?
-5c9a
In base 9, what is 4327 - 143?
4174
In base 6, what is -14 - -33345?
33331
In base 7, what is 400235 - 33?
400202
In base 9, what is -1 + -82644?
-82645
In base 14, what is 1 + 15b87?
15b88
In base 8, what is 4 + 402542?
402546
In base 11, what is -4 + 20734?
20730
In base 8, what is 764710 + -2?
764706
In base 4, what is 220320021 - -3?
220320030
In base 3, what is 200221022121 + -1?
200221022120
In base 2, what is -111010100010 + -1100?
-111010101110
In base 16, what is -26d3 - 5?
-26d8
In base 3, what is 101212110211 + 10?
101212110221
In base 15, what is -dc2 + 22?
-da0
In base 4, what is -1 - 123130212?
-123130213
In base 16, what is -1e - 217e?
-219c
In base 4, what is -12130003003 - -2?
-12130003001
In base 14, what is 5 - -514c6?
514cb
In base 14, what is -5953 - -4?
-594d
In bas